**4/12 + 25*s**3/6 - s**2 - 124. What is the units digit of d(-38)?
1
Suppose 3*k + 9 = 3*s, 12 = 2*k - k + 2*s. Suppose -1989 = -k*i + 1281. What is the units digit of i?
5
Let x(y) = -6039*y**3 - 30*y**2 - 54*y + 2. What is the hundreds digit of x(-2)?
3
Let x = 22966 - 16252. What is the units digit of x?
4
Suppose 0 = 6*d - 30701 - 499. Suppose 288 - d = -16*f. What is the hundreds digit of f?
3
Let u(t) = -49*t**2 - 12 + 65*t**2 - 96*t**2 - 134*t**2. Let g be u(9). What is the tens digit of 6/33 + g/(-66)?
6
Suppose -21*a + 4082112 = 150*a. What is the hundreds digit of a?
8
Suppose 5*c + 75 = -0. Let g(k) = -k**3 - 16*k**2 - 15*k + 16. Let t be g(c). What is the units digit of t/(-48) - 277/(-3)?
2
Suppose 0 = -d + 3*d - 4. Let s = 6240 - 6235. Suppose -d*i = s*i - 749. What is the tens digit of i?
0
Let j(o) = o**3 - 5*o**2 - 5*o + 38. Let r be j(4). What is the hundreds digit of ((-25)/r)/(3/(-84))?
3
Let h(g) = 55*g + 89. Let c be h(-6). Let b = c + 359. What is the units digit of b?
8
Let u be (-3800)/57*(-18)/5. Suppose 3*z - 18*z = -u. Suppose 2*g = -2 + z. What is the units digit of g?
7
Suppose 5*y + 29 + 11 = 5*i, 0 = -2*i - y + 13. Let u(x) be the first derivative of -x**3/3 + 5*x**2 - 12*x + 8. What is the units digit of u(i)?
9
Let c = 60 - 59. What is the hundreds digit of (-989 + 30)/((-1)/c)?
9
Let a(k) = 6*k + 222. Let r be a(9). Suppose 28*v - 32*v + r = 0. What is the tens digit of v?
6
Suppose -5*i + 7*i = m - 28303, 0 = -2*m - 4*i + 56670. What is the tens digit of m?
1
Suppose 0 = 39*r - 1560251 - 1159453. What is the ten thousands digit of r?
6
Let g(r) = r**2 - 10*r + 17. Let l be g(12). Suppose -l = -2*y - 3*w - 10, -5*w = 4*y - 65. What is the tens digit of 22*2*(-2 + 45/y)?
1
Let g(f) = 114*f**2 - 162*f - 3067. What is the units digit of g(-21)?
9
Suppose 10*g = 15112 - 2022. Let r = g - 785. What is the units digit of r?
4
Let y(t) = -3270*t - 391. What is the tens digit of y(-10)?
0
Let b be (-30)/20 - 11/(-2). Suppose b*k - 5968 = -5*o, 0*k - 3*k = o - 4487. What is the tens digit of k?
9
Let r(w) = -w**3 + 5*w**2 - 5*w + 16. Let s be r(5). What is the hundreds digit of s/15 + 3406/10 + -4?
3
Suppose -2*o - 100100 = -4*j - 3*o, 0 = 3*j + o - 75076. What is the hundreds digit of 8/(-60) - j/(-30)?
8
What is the thousands digit of -3*1 + ((-5456752)/(-280) - 14/10)?
9
Suppose -9 = -4*j + 3*j. Let v(c) = 11 - c - 3*c + 8*c + 8 - c. What is the tens digit of v(j)?
4
Let l(d) = -12*d**2 + d + 11. Let v be l(0). Let y = v - -488. What is the units digit of y?
9
Let i = 106 - 102. Suppose i*o - 900 = -2*y + o, 0 = 2*o - 8. What is the tens digit of y?
4
Suppose -3*d = -d - 132. Let y be d/9 + (-4)/(-6). Suppose 5*m - 123 = -y. What is the tens digit of m?
2
What is the tens digit of ((-840)/1200 - 2/(-10))*(0 + -23684)?
4
Let k(y) = 2428*y + 90. What is the ten thousands digit of k(6)?
1
Let z = 2217 - -8322. What is the thousands digit of z?
0
Suppose -5*t + 0*l - 3*l = 1059, 4*t + 860 = 4*l. Let m = 366 + t. What is the tens digit of m?
5
Suppose 3*l - 3*u = -0*l + 30, -4*l - 3*u = -12. Let w(h) = l*h - 45*h - 27*h + 4. What is the hundreds digit of w(-2)?
1
Suppose 5*c - 5*o = -2*o - 25, 17 = c - 5*o. What is the hundreds digit of (c - (-135)/6)*(1 + 11)?
1
Let q = -36127 - -57104. What is the tens digit of q?
7
Let g(b) = 230*b**2 + 50*b - 256. What is the tens digit of g(5)?
4
Suppose 0*v = -9*v - 1368. Let k be (1 - v)*(-11)/11. What is the units digit of (3 - 0)/((-309)/k + -2)?
3
Let d(u) = -7*u - 2. Let g(p) = -12*p - 5. Let k(b) = -5*d(b) + 3*g(b). Let o be k(-3). What is the units digit of -61*(-3 - o)*10/10?
1
Suppose z = r - 3*r + 16375, 3*r = -4*z + 24560. What is the hundreds digit of r?
1
Suppose 89201 + 108579 = 22*z - 13442. What is the hundreds digit of z?
6
Let l = -2845 + 5121. Suppose l = -8*g + 8876. What is the tens digit of g?
2
Let c(q) = 7*q**2 - 28*q + 147. What is the hundreds digit of c(22)?
9
Let k(y) = -130*y + 3354. What is the hundreds digit of k(-7)?
2
Suppose -5*z - 171*i + 26656 = -172*i, 5*z = -3*i + 26652. What is the thousands digit of z?
5
Let v = 2299 - 595. Let n be (-6)/(-2) + -1 + 0. What is the units digit of (n/(-4))/((-12)/v)?
1
Suppose 44767 = -44*u + 237487. What is the hundreds digit of u?
3
Let k = -161 + 157. What is the units digit of (-1 + k - -239) + -4?
0
What is the tens digit of 82/(-328)*(-68882 + -2)?
2
Let z(w) = -207*w + 11. Suppose 10 = -4*l + 6. What is the hundreds digit of z(l)?
2
Suppose 0 = -6*o + 4*n + 16670, 0 = 3*o - 3*n - n - 8345. What is the hundreds digit of o?
7
Let s = -918 - -2813. What is the units digit of s?
5
Let s = -72 - -324. Let t = s - -57. What is the tens digit of t?
0
Let h = -6031 - -8843. What is the units digit of h?
2
Let a(t) = -23*t - t**3 - 5*t**2 + 29*t - 51 + 26*t**2. What is the units digit of a(21)?
5
Let j(h) = 20*h - 10*h - 4*h + 17*h + 5. Let a be j(6). Let v = 207 - a. What is the tens digit of v?
6
Let z(t) = 2*t**2 + 10*t - 59. Let i be z(5). Suppose 45*f - i*f = 1436. What is the hundreds digit of f?
3
Suppose -3*b = 2*k - 16, 0 = -3*b + 5*k - 28 + 9. What is the units digit of ((-1)/b)/((-2)/16) + 303?
7
Suppose 611*g - 617*g + 6558 = 0. What is the units digit of g?
3
Let s(u) = 37*u - 1. Let w be s(5). Suppose 40 = 7*y - w. What is the tens digit of y?
3
Let u(y) = 2 + 14 - 4 - 5 + 78*y. Let a be u(7). Suppose g = -f + 147, -5*g - 4*f + 184 + a = 0. What is the hundreds digit of g?
1
Suppose -43*i = -38*i - 20. Suppose -4*b - 5*w = -3897, i*b - 3*w - 1965 = 2*b. What is the tens digit of b?
7
Let v(q) = -2*q - 8. Let a be v(-3). What is the units digit of (a/6)/((-29)/2523)?
9
Let x = 57936 + -25595. What is the tens digit of x?
4
Let x(z) = 28 + z**2 - 5*z**3 - 9*z**2 - 3*z**2 - 82*z + 4*z**3 + 0*z**3. What is the tens digit of x(-13)?
3
Let b be (4/(-28))/((-5)/2135). Suppose b*l = 63*l - 702. What is the units digit of l?
1
Let c(h) be the first derivative of 111*h**2/2 - 112*h - 91. What is the hundreds digit of c(5)?
4
Suppose 0 = 7*t + 91 - 119. Suppose -u - 2*x = -t*x - 75, -3*u - x = -225. What is the tens digit of u?
7
Let a be (-163)/3 + 1 + (-5)/(-15). Let j = -52 - a. What is the tens digit of 657/7 - (j + 16/(-14))?
9
Let w be (-4 - (-3 + 0)) + 35. Suppose -1184 = -w*x + 30*x. What is the tens digit of x?
9
Suppose 87660 = 5*n + 31*k - 29*k, -6*k + 17532 = n. What is the tens digit of n?
3
Let t be (10 - 26)*34/(-8). Let f = 73 - t. Suppose n - f*q = -0*q + 17, 2*n = 4*q + 46. What is the units digit of n?
7
Let t(z) = -z**3 - 5*z**2 + 5*z - 4. Let h be (12/8 - 0)*-4. Let q be t(h). Suppose -3*v - 104 - 37 = -q*j, 0 = -5*j + 5*v + 355. What is the tens digit of j?
7
What is the thousands digit of 5*22/(-1045) + (-169826)/(-38)?
4
Let a = -198 - -176. What is the units digit of (9874/a)/(-1) - 6/(-33)?
9
Suppose 5*b = -3*c + 1, -3*c + 0*c = -b + 11. Suppose 3*o + 4*u - 2272 = -2*o, 6 = b*u. What is the units digit of o?
2
What is the thousands digit of ((-8)/(-36) + (-26)/36)*1*-18204?
9
Let a = 17919 - -6118. What is the ten thousands digit of a?
2
Let z(o) = -28*o - 28. Let j(i) = i - 12. Let f be j(7). What is the hundreds digit of z(f)?
1
Suppose -5*j - 8 - 2 = 0. Let r(q) = -4*q**2 + 2*q. Let m be r(j). What is the tens digit of 4/10 - 1472/m?
7
Let k(h) = 993*h + 6863. What is the thousands digit of k(-4)?
2
Let l(p) = 6*p + 9. Let o(r) be the second derivative of 5*r**3/3 + 7*r**2 + 8*r. Let y(w) = -7*l(w) + 5*o(w). What is the tens digit of y(4)?
3
What is the units digit of (-1)/(((-9)/(-8))/3 + (-345470)/921040)?
3
Let r(z) = -z**3 + z**2 + z - 7. Let i be r(-2). Suppose -1157 = -i*g + g - 5*t, -1187 = -2*g + 5*t. What is the hundreds digit of g?
5
Suppose -91*z = 34*z - 2547875. What is the thousands digit of z?
0
Let v = 8 + -4. Let s be 6 - (3 - (v - 3)). Suppose -4*t + 232 = -u + s*u, -t = 3*u - 238. What is the tens digit of u?
8
Suppose 28*z - 8*z - 105272 + 16432 = 0. What is the tens digit of z?
4
Let m be 2/1 + (-6)/(-3). Let d be (110/(-495))/((-1)/99). Let o = d - m. What is the tens digit of o?
1
Let a = -504 + 875. Let t(h) = -17*h**3 + 4*h**2 - 2*h - 1. Let x be t(2). Let k = x + a. What is the units digit of k?
6
Let w be 704/(-24)*(-171)/4. Let t = 2171 - w. What 